t**2 - 4*t - 94. Is b(-9) a multiple of 28?
False
Let u = 50 + -61. Is 12 a factor of (-1054)/u + 34/187?
True
Suppose -8*w + 7*w = 0. Suppose 0 = 4*q - 4*f - 80, -q - 3*f = -w*q. Does 14 divide q?
False
Let b = 146 + 211. Is 17 a factor of b?
True
Suppose -3*o = -3*g + 1659, -5*o + 7*o = -4*g + 2194. Is 10 a factor of g?
True
Let s = 232 - 132. Suppose s*q - 99*q = 10. Is q a multiple of 5?
True
Let x = 59 - 54. Let u be -30*2/8*-2. Let i = x + u. Is i a multiple of 10?
True
Let i(r) be the third derivative of r**4/6 + 7*r**3/2 + 5*r**2. Does 12 divide i(10)?
False
Suppose -5*d + d + 4*y + 652 = 0, 2*d - 323 = 5*y. Suppose d = -k + 5*k. Is 20 a factor of k?
False
Suppose -2*j - j = 63. Let t = j - -39. Is 6 a factor of t?
True
Is 4 a factor of (-4518)/(-45) + 3/((-30)/4)?
True
Suppose -c + 1610 = 22*c. Does 7 divide c?
True
Let g(z) = 8*z**2 + 3*z + 2. Let b be g(3). Suppose -c - b = -4*n, 2*n - 33 = -3*c + 12. Does 11 divide n?
False
Suppose q + l + 154 = -3*q, -4*q + l = 150. Suppose c - 153 = -3*g - 2*c, -5*c = g - 43. Let m = q + g. Is m a multiple of 15?
True
Let m(n) = n**2 - 16*n + 43. Does 9 divide m(-13)?
False
Let i = -50 - -53. Suppose -i*v + 7*c - 3*c + 97 = 0, -76 = -2*v - 3*c. Is v a multiple of 6?
False
Let k(z) = 111*z**2 + 8*z + 8. Is k(-2) a multiple of 15?
False
Suppose 0 = 4*j - 57 - 23. Does 2 divide (-1)/((-5)/j) - -7?
False
Let w(x) = x**2 + 20*x + 20. Is 23 a factor of w(-36)?
False
Is 10*99/22*60 a multiple of 100?
True
Let n(o) = o**3 - 17*o**2 - 39*o + 95. Is n(23) a multiple of 114?
False
Let g(p) = 3 - 20*p**2 + 2 + 2*p**3 + 6. Does 3 divide g(10)?
False
Suppose 0 = -0*h + 3*h - 57. Is h a multiple of 6?
False
Let g(k) = 8*k. Suppose 0 = 3*s - 2*w + 4*w - 11, w = -5*s + 16. Let a be g(s). Suppose f = -3*q, a = 3*f + 3*q - 0*q. Is 12 a factor of f?
True
Suppose -3*q = o - 7, q + 0*o = o + 9. Suppose -5*d - 31 = -q*d. Is 0 + (0/(-3) - d) a multiple of 8?
False
Let q = 944 - -4544. Is q a multiple of 167?
False
Let f(g) = g**3 - 4*g**2 + 4*g - 45. Let w be f(17). Suppose -w = -24*j + 14*j. Does 27 divide j?
True
Suppose 0 = 8*u - 5*u - 99. Suppose -3*z + u = 2*y, -4*z - y = -22 - 17. Is 26 a factor of 18/((81/30)/z)?
False
Suppose -118 = 4*a - 574. Suppose -2*o - a = -4*o. Does 11 divide o?
False
Let j(a) = -a**2 - 6*a + 4. Let b be j(-7). Let o(t) = t**3 + 2*t**2 - 5*t - 7. Let p be o(b). Does 18 divide p/(6/(-27))*12?
True
Let d(a) = a**3 - 20*a**2 + 33*a - 100. Does 47 divide d(21)?
True
Let u be -9*-2*(-1)/6. Let y be (3 + u - 2) + -23. Is 1 + -1 - 2*y a multiple of 25?
True
Let q be (-2 - 0) + 0*(-3)/(-18). Let z = q - -30. Is z a multiple of 10?
False
Suppose -4*k + 7504 = l, 5*k - 171*l - 9380 = -174*l. Does 38 divide k?
False
Let r be -1 + -2 + 58 + 1 + -3. Suppose 3*j - 143 = -5*c, c - 3*c = -3*j - r. Is c a multiple of 7?
True
Let w(j) = -5*j**3 - 5*j**2 - 4*j - 39. Let f(z) = z**3 + z**2 + z + 10. Let c(d) = 9*f(d) + 2*w(d). Let n be c(0). Let a = n - 6. Does 2 divide a?
True
Let x(q) = q + 5. Let o be x(-15). Let r = 2 - o. Suppose -6*f + 4*f + r = 0. Does 4 divide f?
False
Let s(j) = j**2 - 10*j - 4. Let p be s(5). Let d = -31 - p. Let w = d - -71. Does 23 divide w?
True
Let t be (-8 - -6)*27/6. Let x = t + 80. Does 24 divide x?
False
Let p be 340/5 - ((-64)/(-4))/4. Suppose 3*n = u - 16, 3*u + u - 4*n - p = 0. Is 3 a factor of u?
False
Let o(u) be the third derivative of 16*u**5/15 + u**4/24 + 5*u**2. Let q be o(1). Let k = 102 - q. Is 10 a factor of k?
False
Let g = -12 + 17. Let a(x) = x**3 + x**2. Let u(w) = 6*w**2 - 7*w + 8. Let k(r) = a(r) - u(r). Is 16 a factor of k(g)?
False
Suppose -19*b - 18 = -16*b. Let w(r) = -19*r + 11. Does 25 divide w(b)?
True
Suppose 0 = -3*h + 6*h - 12. Suppose -o + 0 = -2, -4*u = 2*o - h. Suppose -4*l + 0*l + 204 = u. Does 14 divide l?
False
Suppose -4*o = -5*b - 198 - 1798, 3*b = 0. Let i = o - 259. Is i a multiple of 40?
True
Suppose -27*y + 8810 + 9118 = 0. Is y a multiple of 8?
True
Let m = 36 + -7. Suppose -4*l - 9 = -m. Suppose -26 = -2*n + l*w + 35, -w = -3*n + 85. Is 11 a factor of n?
False
Let v = 9 + -9. Let h = -5 + v. Let y = h + 16. Is 11 a factor of y?
True
Does 7 divide 92*(-52)/(-40) - 24/40?
True
Let k(z) = -z**3 + 11*z**2 - 12*z + 4. Let w be 3 - (36/4)/(-1). Suppose -w = -2*x + 3*v + 4, 4*x = 3*v + 32. Is k(x) a multiple of 21?
False
Let m(z) = -z**3 + 7*z**2 + 3. Let o be m(7). Let x be 2*13 + (4 - o). Let p = x + 9. Is 12 a factor of p?
True
Suppose x - 3*k = -0*k + 241, -k = 3*x - 703. Is x a multiple of 41?
False
Suppose -2*l = 6*l - 48. Suppose -5*g - 245 = h - l*h, 143 = 3*h + g. Does 2 divide h?
True
Let l(p) = -p**2 - 23*p + 152. Is l(-22) a multiple of 58?
True
Suppose -4*q - x = -84, q - 2*x - 3*x - 21 = 0. Suppose -4*r + 3*o + 6 + 12 = 0, 3*o = 5*r - q. Suppose 4*w = 16, r*t + 3*w - 94 = -37. Is 6 a factor of t?
False
Suppose 2*d = 5*v + 7*d + 30, -5*d = 10. Let g = 25 - v. Let u = -15 + g. Is 5 a factor of u?
False
Suppose h - 68 + 9 = 0. Let d(w) = -9*w - 87. Let t be d(-10). Suppose 5*i = -p + 48, t*i + 139 = 3*p - h. Is 21 a factor of p?
True
Suppose -64*s = -63*s - 21. Let k(w) = -w**3 - 4*w**2 + 6*w + 3. Let d be k(-6). Let c = d - s. Is 14 a factor of c?
False
Let p be 0 + 0 - 174/6. Let x = 11 - p. Is x a multiple of 10?
True
Let u = 9 - 6. Let l be 9/6*(-4)/u. Does 3 divide (-6)/(-2) + -2 - l?
True
Let p(g) = 3*g - 15. Let y be p(6). Suppose r - 4*x = -y, -34 = -5*r - 5*x + 26. Suppose -4*m + r*m - 255 = 0. Is 17 a factor of m?
True
Let x(f) = -2*f - 27. Let s be x(-17). Let z = s + 50. Is 7 a factor of z?
False
Let y(b) = -b**2 + 7*b + 16. Let q(l) = l**2 + 3*l - 1. Let z be q(-5). Let j = z - 2. Is y(j) a multiple of 8?
True
Let g = 14 + -17. Let o be g - (60 + -3) - -1. Let j = -23 - o. Is 18 a factor of j?
True
Is (-9120)/(-70) + 4/(-14) a multiple of 10?
True
Let r(z) = -335*z + 151. Is 11 a factor of r(-3)?
False
Let t = -6 - -12. Let y be t/14 - 80/7. Let c = 27 + y. Is c a multiple of 4?
True
Let g(f) = -16 + 8 - 6 - 21 - 7*f. Is 5 a factor of g(-8)?
False
Let h = 3 - 1. Let s be 2/(4/2)*h. Suppose 6*c + r = c + 236, -5*r = -s*c + 89. Is 8 a factor of c?
False
Let q(m) be the second derivative of 25*m**3/6 + 3*m**2/2 - 3*m. Let x(t) = t**3 - 5*t**2 + 6*t - 6. Let l be x(4). Is q(l) a multiple of 12?
False
Suppose -5*f - 8 = 3*r, 3 = 4*r + f + 8. Let o(l) = -42*l**3 - 2*l**2 - 2*l - 1. Let m be o(r). Let c = 43 + m. Is c a multiple of 28?
True
Let w be (-1)/(2*(-3)/6). Let a be (-4 - -4)/(-3 - w). Suppose -o - 3*o + 188 = a. Is o a multiple of 21?
False
Let w = 18 - 3. Suppose -3 = -3*u - w. Does 3 divide u/8*(-19 + 1)?
True
Let v = 2954 + -1979. Is 16 a factor of v?
False
Suppose 4 = k, -3*k - 192 - 12 = 4*y. Let p = y + 141. Is 29 a factor of p?
True
Suppose 0 = 5*k + 25, 376 = p + p + 2*k. Let i = -1 + p. Is 24 a factor of i?
True
Let k(z) = -2*z**3 + 3*z**2 + 6*z - 3. Let v be (3 + -2 - -5)*(-6)/12. Does 17 divide k(v)?
False
Suppose r = -2*r + 3. Suppose 0 = 4*z + 8, -4*m - z + r = -21. Is m/((60/8)/5) a multiple of 4?
True
Let p = -110 + 198. Is p a multiple of 5?
False
Let x(y) = 5*y**2 - 66*y + 121. Let d(m) = m**2 - 13*m + 24. Let h(p) = 11*d(p) - 2*x(p). Is 3 a factor of h(10)?
True
Let k(d) = -4*d + 15. Let q be k(4). Does 10 divide q/(18/(-1077)) - (-2)/12?
True
Suppose l + l = 10. Suppose -4*i = 3*s + 67, l*s = 2*i - 50 - 27. Let o = s - -20. Is o a multiple of 3?
True
Let q(j) = 4*j**2 - 2*j + 25. Is q(0) a multiple of 9?
False
Let z(l) = -l**3 + 8*l**2 - 8*l + 12. Let k be z(7). Suppose c - k*c + 4*r = -460, 2*r = -c + 130. Is 15 a factor of c?
True
Let o(i) = -i**2 + 7*i + 2. Let g be (-20)/6*108/(-45). Let b be o(g). Let x(y) = -2*y + 1. Is 4 a factor of x(b)?
False
Let g(c) = 4*c**2 + 37*c - 181. Is 42 a factor of g(6)?
False
Let g = -634 - -900. Is g a multiple of 19?
True
Let d(p) = p**2 + 10*p + 7. Let h be d(10). Let s = -146 + h. Does 7 divide s?
False
Let y(k) = -60*k**3 + 4*k + 4. Is y(-1) a multiple of 6?
True
Let h(y) = 4*y**2 + y - 1. Suppose 2*d - 12 = 4*c, 6*d - 11 = 3*d - c. Let p = d - 5. Is h(p) even?
True
Let g(l) = 95*l**2 + 1. Let c be g(1). Let k be c/56 + 2/7. Suppose 4*s + 222 = 3*p, -5*p + 122 + 248 = k*s. Is p a multiple of 30?
False
Let l be (30/(-4) - (-5 + 2))*12. Let i = l - 